*s(x) - 3*v(x). Determine u(7).
17
Suppose 0 = 4*l, y = 4*l - 6 + 12. Let c = -10 + 14. Let x(g) = -4 + g**2 - c*g - 3 + y + 2*g. Calculate x(3).
2
Let l be 16/(-4)*(-5)/10. Let c(x) = -1 + 0 - 82*x + 168*x - l*x**2 - 95*x. Give c(-4).
3
Let p(w) = -8 + 289*w + 6 + 0 - 99*w - 97*w - 92*w. Let d = 3 - -4. Determine p(d).
5
Let t(m) = 16*m**2 + 2*m + 1. Suppose 13*s + 8*s - 399 = 0. Suppose -3*k + 18 = -9*h + 6*h, 4*h + s = 3*k. Calculate t(h).
15
Let m(c) be the second derivative of 29*c**6/720 - c**4/12 - 23*c**2/2 - 2*c + 9. Let a(b) be the third derivative of m(b). Give a(1).
29
Let k(v) = v - 3. Let h = -70 + 70. Let l(d) = 2*d - 3. Let i be l(h). Let g be -1*2*i/(-2). What is k(g)?
-6
Let t(b) = -b**3 - 6*b**2 - 4*b + 7. Suppose 0 = -5*l - 25, -2*q - 2*l + 228 = -0*l. Suppose 12*r = 59 - q. Give t(r).
2
Let k(u) = -16*u**2 + 16*u**2 + 1 + 15*u**2 + 4*u - 2*u**3 - 35*u**2 + 19*u**2. Give k(2).
-11
Let g(m) be the first derivative of m**2/2 + 11*m + 2. Suppose -1877*n = -1874*n - k + 6, -3*n + 5*k = -30. What is g(n)?
6
Let j be -18 + 506/69 - 2/(-3). Let q(m) = m**2 + 18*m + 3. Give q(j).
-77
Let b(h) = -16*h**3 - 1. Let u(p) = 2*p**3 + 37*p**2 + 21*p + 4. Let v be u(-18). Let g = 51 + v. What is b(g)?
-17
Let z(v) = -51 - 46350*v + 23171*v + 23175*v. Give z(-12).
-3
Let k(g) = g**3 - 8*g**2 + 9*g - 8. Suppose 4*w + 90*w - 658 = 0. What is k(w)?
6
Let i(h) = -32*h - 67. Let q be i(-3). Let s be 28 - (32/(-4))/4. Let l = s - q. Let g(b) = 10*b**3 + 2*b - 1. Calculate g(l).
11
Let g(t) = -3*t - 12. Let n be g(-5). Suppose -3*k - 2*b + n = -29, -4*k + 4*b + 16 = 0. Let j(v) = 2018*v - 3 + 2020*v - 4036*v. Determine j(k).
13
Let y(t) be the first derivative of -3*t**2/2 - 82*t + 4262. What is y(-29)?
5
Let f(x) = 3*x**2 + 25*x + 8. Let c(d) = d**2 - 46*d - 102. Let v be c(48). What is f(v)?
-34
Let t(n) = n + 5*n**2 - n**2 - 4*n**2 - n**2 + 8 - 15. Calculate t(-5).
-37
Let l(k) = 308*k + 1537. Let c be l(-5). Let d(m) = -2*m + 1. Calculate d(c).
7
Let f(j) = -9*j + 16. Let l be (-12)/21*(-28)/(-6)*42/(-28). What is f(l)?
-20
Let t(i) = i + 2*i + 2*i - 731 + 614 - 19*i. Calculate t(-8).
-5
Suppose 4*c + 5*c - 36 = 0. Let z be (42/3 - c) + -4. Let d(q) = 6*q - q**2 - 7*q + 5*q + 1 + 4. Calculate d(z).
-7
Let g(v) be the third derivative of -v**5/60 - v**4/2 + v**3/3 - v**2. Let m(d) = d**3 + 13*d**2 + 59*d + 15. Let i be m(-8). Let c = i - -125. Calculate g(c).
2
Let v(d) be the first derivative of -3*d**3 - 21*d**2/2 + 3*d - 6610. Determine v(-3).
-15
Let c(z) be the third derivative of -1/3*z**3 + 2*z**2 + 5*z - 1/12*z**5 + 1/12*z**4 + 0. What is c(2)?
-18
Let j be (1/3 + (-76)/12)/(-2). Let i = j + -4. Let m be 3 - (i - -13)/(-3). Let p(n) = -n**2 + 10*n - 9. What is p(m)?
12
Let c = -457 - -893. Suppose 4*q - 2*x - c = 0, -q - 4*x + 32 = -68. Suppose 4 = -q*i + 104*i. Let v(n) = -8*n**2 - 1. Determine v(i).
-9
Let w(k) = k**3 - 20*k**2 + k + 1. Let z(l) = 5*l**3 - 66*l**2 - 13*l - 12. Let j(p) = -4*w(p) + z(p). Suppose -4*r = 75 - 15. Give j(r).
14
Let r(x) be the first derivative of 1/2*x**2 + 16*x + 106. Calculate r(-10).
6
Let k(g) = -2*g - 11. Suppose 2*l = -14*y + 11*y + 21, 3*y = -5*l + 12. What is k(y)?
-29
Let h(i) be the first derivative of 315 + 1/2*i**2 - 41*i - 1/3*i**3. What is h(0)?
-41
Let w(f) be the second derivative of -f**3/3 + f**2 + 3*f. Let o(m) = 130*m - 5986. Let v be o(46). What is w(v)?
14
Let k(t) = -t - 1. Suppose 3*i = -4*w + 35, -w - 3*i = -14 - 6. Suppose 10*a - 120 = -w*a. Give k(a).
-9
Let d(p) = -19*p**2 + 2*p - 2. Let m be d(-4). Let g = m + 311. Let v(c) = -4 - 3*c + 2*c + 3*c. Give v(g).
-10
Suppose 37*p = 57*p - 800. Let l = p + -23. Let j(g) = -g + 19. Give j(l).
2
Let s(p) = -p**2 - 1001*p - 4981. Let h be s(-5). Let c(v) = 42*v**2 + 2*v. Determine c(h).
40
Suppose 0*p + 2*p + 6 = 0. Let o(n) = 3*n**2 + 18*n. Let g be o(-6). Let z(m) = g*m + 1 + 6*m - 9*m. What is z(p)?
10
Let f(v) = -v**2 - 13*v - 1. Let p(i) = -2*i**2 - 27*i - 2. Let g(h) = 13*f(h) - 6*p(h). Suppose -5*t = 3*a + a + 25, 5*a = 25. Determine g(t).
-19
Let n(s) = -11 - 268*s + 132*s + 134*s. Suppose -l + 151 - 160 = 0. Determine n(l).
7
Let g(h) = 171*h - 8. Let o(w) = 143*w - 7. Let a(r) = 5*g(r) - 6*o(r). Determine a(-4).
14
Let f(o) be the third derivative of -7*o**5/60 - 7*o**4/24 - 2*o**3/3 + 526*o**2. What is f(-2)?
-18
Let l(i) = 6*i - 16. Suppose 6*c + 301 = 97*c - 245. Calculate l(c).
20
Suppose -4*h = -4, -5*z + 5*h + 10 = -0*h. Let t(g) be the third derivative of -g**6/120 + g**5/15 + g**4/6 - g**3/2 - g**2 + 582. Give t(z).
18
Let u(t) = 4*t**3 - 3*t**2 - 4*t - 29. Let y(x) = 4*x**3 - 2*x**2 - 4*x - 21. Let b(f) = -3*u(f) + 4*y(f). Give b(1).
4
Let z = 11 - 5. Let l = -11 + z. Let n(y) be the first derivative of -y**2/2 - 7*y + 7662. What is n(l)?
-2
Let p be ((-50)/35)/((-82)/28 + (6 - 3)). Let b(m) = m**2 + 14*m + 13. Calculate b(p).
133
Let b = 25 + -53. Let m = -22 - b. Let k(q) = -5*q + 0 + 12 - q + q**2 - 14. Determine k(m).
-2
Let a(w) = w**3 + 4*w**2 + 11*w + 9. Let t be a(-4). Let y be ((-14)/t)/((-1)/(-70)*-2). Let m be (y - -12)/(2/8). Let l(c) = c**2 + 7*c - 1. Give l(m).
7
Let r be (-244)/40 + (118/(-20) - -6). Let o(l) = l**2 + 24*l + 117. Determine o(r).
9
Let o = -74 - -76. Suppose 0 = v - k - 11, o = 2*v + 4*k - k. Let h(s) = -s + 2. Give h(v).
-5
Let z = 32 - 67. Let t = 38 + z. Let m(d) = -2*d**2 + 6 - 6 - 5 + t*d**2. What is m(0)?
-5
Let i(b) be the second derivative of -1/3*b**3 + 133 - 5*b**2 - 2*b. What is i(-10)?
10
Let y be 406/8 + -2 - 8/(-32). Let h = -13 + 30. Let v(d) = 4 + 2*d + 17*d**2 - y*d**2 + 17*d**2 + h*d**2. What is v(3)?
28
Suppose 18 = -q - 3*l + 8, 2*q = 4*l + 20. Let u(n) = -12*n - 3. What is u(q)?
-27
Let z(s) be the third derivative of -2*s - 1/6*s**3 - 1/60*s**5 - 1/40*s**6 + 0 - 7*s**2 - 1/12*s**4. Let y(u) = u**2 + 10*u - 1. Let l be y(-10). Give z(l).
3
Let g(m) be the third derivative of -m**4/12 + 5*m**3/6 - 2*m**2. Let u(t) = -20 - t + 3*t + 25 - 4*t. Let s(y) = -2*g(y) + 3*u(y). Determine s(4).
-3
Let k(c) = -26*c**2 - 4 + 40*c**2 - 2*c + 0*c - 8*c**2 - 3*c**2 + c**3. Let n(o) = -o**2 - 2*o + 5. Let s be n(-4). Determine k(s).
2
Let s(i) be the first derivative of -i**5/120 - i**4/4 + 97*i**3/3 + 24. Let u(h) be the third derivative of s(h). Determine u(0).
-6
Let c(h) = h**2 - 7*h + 13. Let n(p) = p**3 - 5*p**2 - 4*p. Let b be n(6). Let r be (2/b*15)/((-20)/(-48)). Determine c(r).
7
Let a(q) = q - 10. Let o be (3 + -4)/((-3)/9). Let j be 12 + 5 + -6 + o. Determine a(j).
4
Let t be -3 + (2 + 5 - 3). Suppose 1 = o - t. Let z(q) = 19*q**3 + 1 - o*q + 10*q**3 - 28*q**3. Give z(1).
0
Let m(n) be the first derivative of 4*n**3/3 - 3*n**2/2 - 142*n - 54. Let k(b) be the first derivative of m(b). Determine k(-3).
-27
Let b(a) = 4*a + 7*a + 3 + 17*a**2 - 39*a**2 + 21*a**2. Suppose 42 = 2*y + 18. Calculate b(y).
-9
Let q = 4 - 2. Suppose -q*c + 21 + 9 = 4*l, -27 = -c - 5*l. Let t(g) = 415*g**3 + 9 - 6*g**2 - 414*g**3 + 1 - 2*g**2 - 69*g + 74*g. Determine t(c).
-4
Let p(a) = -a**2 + 1. Let k(d) be the third derivative of d**5/12 - d**4/4 - 5*d**3/6 + 2*d**2. Let o = 194 - 193. Let s(i) = o*k(i) + 4*p(i). Determine s(7).
6
Let d(y) be the second derivative of y**3 + 0 + 107*y - 7/12*y**4 - 1/20*y**5 + 3/2*y**2. Calculate d(-8).
19
Let j(s) be the first derivative of -1/6*s**3 - 15 + 1/20*s**5 + 0*s**4 - 13*s + 1/2*s**2. Let a(b) be the first derivative of j(b). What is a(1)?
1
Let p(q) = -3*q + 1. Let r(w) = w**2 + 42*w - 19. Let y(t) = -15*p(t) - r(t). Suppose 0 = 2*j - 1 - 1. Let s = j + 5. What is y(s)?
-14
Let q be (1 + (9 - 12))*7/(-2). Suppose -165 = q*l + 8*l. Let m(d) = -d**3 - 10*d**2 + 12*d - 15. Give m(l).
-26
Let m(v) = 2*v - 22. Let r(g) = 307*g + 5. Let f be r(0). What is m(f)?
-12
Let m = -773 - -775. Let c(a) = -4*a**2 - 4*a - 4. Calculate c(m).
-28
Let g(d) = -43 - d - d**2 + 7 + 12 + 12. Suppose -v = v. Calculate g(v).
-12
Let g(v) = -v**3 - 7*v**2 - 5*v + 4. Let y(c) = c**2 + 10*c + 30. Let t be y(-13). Let q = t - 71. Let p be 2*3/q - 2. What is g(p)?
-21
Let i = 2549 - 2547. Let p(m) be the third derivative of m**3 + 0*m + 0 + 1/3*m**4 + 1/60*m**5 - 3*m**i. Determine p(-6).
-6
Let h(g) = -5*g**2 - 49*g - 19. Let q be 180/50*(-40)/16. Calculate h(q).
17
Let p(w)